{"id":3085,"date":"2012-06-03T19:30:48","date_gmt":"2012-06-03T19:30:48","guid":{"rendered":"http:\/\/themes.devatic.com\/daisho\/?page_id=3085"},"modified":"2016-09-22T15:46:41","modified_gmt":"2016-09-22T15:46:41","slug":"nuestro-equipo","status":"publish","type":"page","link":"https:\/\/www.espiritunature.com\/es\/nuestro-equipo\/","title":{"rendered":"Nuestro equipo"},"content":{"rendered":"<div class=\"grid_4 content-block\" data-arrows-top-position=\"120px\"><div class=\"cb-date\"><\/div><img class=\"cb-image\" src=\"https:\/\/www.espiritunature.com\/wp-uploads\/2014\/11\/Bram-1000-copia.jpg\" alt=\"\" \/><div class=\"cb-title\" >Bram von Blomberg<span class=\"cb-description\">Director comercial y gu\u00eda<\/span><\/div><div class=\"cb-content\"><p><\/p>\n<p style=\"text-align: justify;\">Empez\u00f3 a viajar desde muy joven saliendo de Holanda, su pa\u00eds de nacimiento, con s\u00f3lo 17 a\u00f1os, explorando el mundo a pie o en bicicleta. Ha trabajado en Am\u00e9rica Latina como <strong>ingeniero de bosques tropicales<\/strong>, en la conservaci\u00f3n de la naturaleza y desarrollo de turismo sostenible. Es <strong>gu\u00eda de monta\u00f1a UIMLA<\/strong>, <strong>gu\u00eda de ENTORNOS AGRESTES<\/strong> (zonas \u00e1ridas, nivel II) e <strong>instructor<\/strong> para la formaci\u00f3n de Gu\u00edas de Entornos Agrestes en Espa\u00f1a.<\/p>\n<p style=\"text-align: justify;\">Bram es activo, curioso, inspirado y seguro, siendo su aspiraci\u00f3n el encontrar el equilibrio y unidad entre el ser humano y la naturaleza. Experimentar la naturaleza es una de sus necesidades, y expresar esa experiencia es un arte que controla y que le encanta compartir. Es un gran conocedor de la naturaleza, la fauna salvaje, la supervivencia, y la medicina tradicional, lo que hace de \u00e9l un gu\u00eda excepcional que garantiza una experiencia inolvidable.<\/p>\n<p><\/p><\/div><\/div>\n<div class=\"grid_4 content-block\" data-arrows-top-position=\"120px\"><div class=\"cb-date\"><\/div><img class=\"cb-image\" src=\"https:\/\/www.espiritunature.com\/wp-uploads\/2014\/11\/David-2.jpeg\" alt=\"\" \/><div class=\"cb-title\" >David Cuesta<span class=\"cb-description\">Director de operaciones y gu\u00eda<\/span><\/div><div class=\"cb-content\"><p><\/p>\n<p style=\"text-align: justify;\"><strong>Gu\u00eda de monta\u00f1a<\/strong> y experto conocedor del Sistema Central y en especial de la Sierra de Guadarrama, cuenta con la acreditaci\u00f3n de <strong>Gu\u00eda de la Red de Parques Nacionales<\/strong>. En su vida pasada dirig\u00eda equipos de personas en el mundo de la tecnolog\u00eda, lo que le da un gran bagaje planificando y gestionando actividades de monta\u00f1a y naturaleza. Tambi\u00e9n es <strong>T\u00e9cnico en Interpretaci\u00f3n y Educaci\u00f3n Ambiental<\/strong> y desarrolla iniciativas de voluntariado.<\/p>\n<p style=\"text-align: justify;\">La monta\u00f1a es su pasi\u00f3n, lo que siempre le ha llevado a realizar proyectos ambiciosos para distintos colectivos, asociaciones y clubs, siempre innovando y creando productos nuevos y atractivos. David es una persona abierta, flexible y con una sonrisa como tarjeta de presentaci\u00f3n, lo cual le hace llegar a sitios lejanos y maravillosos. Como padre orgulloso de una familia numerosa es responsable y sabe acceder a los corazones de los m\u00e1s peque\u00f1os como nadie.<\/p>\n<p><\/p><\/div><\/div>\n<div class=\"grid_4 content-block\" data-arrows-top-position=\"120px\"><div class=\"cb-date\"><\/div><img class=\"cb-image\" src=\"https:\/\/www.espiritunature.com\/wp-uploads\/2016\/01\/Maria-guia.jpg\" alt=\"\" \/><div class=\"cb-title\" >Maria Julia Epelde<span class=\"cb-description\">Coaching y gu\u00eda de escalada.<\/span><\/div><div class=\"cb-content\"><p>\n<p style=\"text-align: justify;\">Gran aficionada a la monta\u00f1a desde siempre ha realizado numerosas actividades en la naturaleza en los \u00faltimos a\u00f1os con ni\u00f1os y j\u00f3venes de la Comunidad de Madrid. Es tambi\u00e9n desde hace a\u00f1os Monitora y Coordinadora de tiempo libre y ha trabajado en diferentes asociaciones y voluntariados con gente de todo tipo transmitiendo sus conocimientos y pasi\u00f3n por las actividades al aire libre.<\/p>\n<p style=\"text-align: justify;\">Es <strong>licenciada en Comunicaci\u00f3n<\/strong> y m\u00e1s tarde encamin\u00f3 sus pasos al mundo de la educaci\u00f3n en entornos multiculturales y siempre en contacto con la monta\u00f1a. Practica la escalada desde hace unos a\u00f1os y actualmente est\u00e1 terminando la formaci\u00f3n de <strong>T\u00e9cnico Deportivo en Escalada<\/strong>. Al tiempo escribe su <strong>tesis doctoral<\/strong> en la Universidad Complutense sobre <strong>did\u00e1ctica de la escalada<\/strong>, siendo profesora de esta actividad en Manzanares el Real desde 2013.<\/p>\n<p><\/p><\/div><\/div><br \/>\n<div class=\"grid_4 content-block\" data-arrows-top-position=\"120px\"><div class=\"cb-date\"><\/div><img class=\"cb-image\" src=\"https:\/\/www.espiritunature.com\/wp-uploads\/2016\/01\/Martin-guia.jpg\" alt=\"\" \/><div class=\"cb-title\" >Mart\u00edn Arcones<span class=\"cb-description\">Gestor de proyectos y gu\u00eda<\/span><\/div><div class=\"cb-content\"><p><\/p>\n<p style=\"text-align: justify;\">Desde la infancia sus primeros pasos fueron por la Sierra de Guadarrama, por lo que su culto a la monta\u00f1a empez\u00f3 a edades bien tempranas. Pronto pas\u00f3 de explorar el Sistema Central a otras cadenas monta\u00f1osas de mayor envergadura como los Pirineos y los Alpes, siendo autodidacta en la planificaci\u00f3n de rutas y viajes. No es de extra\u00f1ar que despu\u00e9s de realizar diversos <strong>estudios superiores relacionados con el Medio Ambiente<\/strong> acabase sac\u00e1ndose la titulaci\u00f3n de <strong>Gu\u00eda de Monta\u00f1a<\/strong>.<\/p>\n<p style=\"text-align: justify;\">Con amplia experiencia en turismo activo y actividades para todos los p\u00fablicos, especialmente ni\u00f1os y adolescentes, es capaz de transmitir su entusiasmo y conocimientos de la monta\u00f1a siempre de una manera comprensible y con buen humor. De trato agradable y jovial es f\u00e1cil encontrarlo por la Pedriza y por Guadarrama practicando su mayor afici\u00f3n, la escalada.<\/p>\n<p><\/p><\/div><\/div><\/p>\n<div class=\"grid_4 content-block\" data-arrows-top-position=\"120px\"><div class=\"cb-date\"><\/div><img class=\"cb-image\" src=\"https:\/\/www.espiritunature.com\/wp-uploads\/2016\/01\/Gonzalo-guia.jpg\" alt=\"\" \/><div class=\"cb-title\" >Gonzalo Puch<span class=\"cb-description\">Asesor de actividades y gu\u00eda.<\/span><\/div><div class=\"cb-content\"><p><\/p>\n<p style=\"text-align: justify;\">Entusiasta de los deportes de monta\u00f1a y las actividades en el medio natural. Ha realizado proyectos de Monta\u00f1ismo en el sistema central, Picos de Europa, Pirineos y en los Alpes. Gran promotor de los valores que aportan a las personas las actividades en el medio natural. &#8220;Estos valores extrapolados hacen que mejoremos el resto de facetas de nuestra vida&#8221;. Y actualmente est\u00e1 terminando la <strong>titulaci\u00f3n de Gu\u00eda de Monta\u00f1a<\/strong>.<\/p>\n<p style=\"text-align: justify;\">Anteriormente se ha dedicado durante a\u00f1os al asesoramiento comercial y la gesti\u00f3n de equipos en empresas de transporte y log\u00edstica. Lo que le permite tener una experiencia <strong>comercial especializada<\/strong> al ser conocedor de todo tipo de actividades en el medio natural.<\/p>\n<p><\/p><\/div><\/div>\n","protected":false},"excerpt":{"rendered":"<p>Disculpa, pero esta entrada est\u00e1 disponible s\u00f3lo en EN.<\/p>\n","protected":false},"author":3,"featured_media":0,"parent":0,"menu_order":0,"comment_status":"closed","ping_status":"closed","template":"","meta":[],"_links":{"self":[{"href":"https:\/\/www.espiritunature.com\/es\/wp-json\/wp\/v2\/pages\/3085"}],"collection":[{"href":"https:\/\/www.espiritunature.com\/es\/wp-json\/wp\/v2\/pages"}],"about":[{"href":"https:\/\/www.espiritunature.com\/es\/wp-json\/wp\/v2\/types\/page"}],"author":[{"embeddable":true,"href":"https:\/\/www.espiritunature.com\/es\/wp-json\/wp\/v2\/users\/3"}],"replies":[{"embeddable":true,"href":"https:\/\/www.espiritunature.com\/es\/wp-json\/wp\/v2\/comments?post=3085"}],"version-history":[{"count":110,"href":"https:\/\/www.espiritunature.com\/es\/wp-json\/wp\/v2\/pages\/3085\/revisions"}],"predecessor-version":[{"id":5330,"href":"https:\/\/www.espiritunature.com\/es\/wp-json\/wp\/v2\/pages\/3085\/revisions\/5330"}],"wp:attachment":[{"href":"https:\/\/www.espiritunature.com\/es\/wp-json\/wp\/v2\/media?parent=3085"}],"curies":[{"name":"wp","href":"https:\/\/api.w.org\/{rel}","templated":true}]}}

<div class="grid_4 content-block" data-arrows-top-position="120px"><div class="cb-date"></div><img class="cb-image" src="https://www.espiritunature.com/wp-uploads/2014/11/Bram-1000-copia.jpg" alt="" /><div class="cb-title" >Bram von Blomberg<span class="cb-description">Director comercial y guía</span></div><div class="cb-content"><p></p>
<p style="text-align: justify;">Empezó a viajar desde muy joven saliendo de Holanda, su país de nacimiento, con sólo 17 años, explorando el mundo a pie o en bicicleta. Ha trabajado en América Latina como <strong>ingeniero de bosques tropicales</strong>, en la conservación de la naturaleza y desarrollo de turismo sostenible. Es <strong>guía de montaña UIMLA</strong>, <strong>guía de ENTORNOS AGRESTES</strong> (zonas áridas, nivel II) e <strong>instructor</strong> para la formación de Guías de Entornos Agrestes en España.</p>
<p style="text-align: justify;">Bram es activo, curioso, inspirado y seguro, siendo su aspiración el encontrar el equilibrio y unidad entre el ser humano y la naturaleza. Experimentar la naturaleza es una de sus necesidades, y expresar esa experiencia es un arte que controla y que le encanta compartir. Es un gran conocedor de la naturaleza, la fauna salvaje, la supervivencia, y la medicina tradicional, lo que hace de él un guía excepcional que garantiza una experiencia inolvidable.</p>
<p></p></div></div>
<div class="grid_4 content-block" data-arrows-top-position="120px"><div class="cb-date"></div><img class="cb-image" src="https://www.espiritunature.com/wp-uploads/2014/11/David-2.jpeg" alt="" /><div class="cb-title" >David Cuesta<span class="cb-description">Director de operaciones y guía</span></div><div class="cb-content"><p></p>
<p style="text-align: justify;"><strong>Guía de montaña</strong> y experto conocedor del Sistema Central y en especial de la Sierra de Guadarrama, cuenta con la acreditación de <strong>Guía de la Red de Parques Nacionales</strong>. En su vida pasada dirigía equipos de personas en el mundo de la tecnología, lo que le da un gran bagaje planificando y gestionando actividades de montaña y naturaleza. También es <strong>Técnico en Interpretación y Educación Ambiental</strong> y desarrolla iniciativas de voluntariado.</p>
<p style="text-align: justify;">La montaña es su pasión, lo que siempre le ha llevado a realizar proyectos ambiciosos para distintos colectivos, asociaciones y clubs, siempre innovando y creando productos nuevos y atractivos. David es una persona abierta, flexible y con una sonrisa como tarjeta de presentación, lo cual le hace llegar a sitios lejanos y maravillosos. Como padre orgulloso de una familia numerosa es responsable y sabe acceder a los corazones de los más pequeños como nadie.</p>
<p></p></div></div>
<div class="grid_4 content-block" data-arrows-top-position="120px"><div class="cb-date"></div><img class="cb-image" src="https://www.espiritunature.com/wp-uploads/2016/01/Maria-guia.jpg" alt="" /><div class="cb-title" >Maria Julia Epelde<span class="cb-description">Coaching y guía de escalada.</span></div><div class="cb-content"><p>
<p style="text-align: justify;">Gran aficionada a la montaña desde siempre ha realizado numerosas actividades en la naturaleza en los últimos años con niños y jóvenes de la Comunidad de Madrid. Es también desde hace años Monitora y Coordinadora de tiempo libre y ha trabajado en diferentes asociaciones y voluntariados con gente de todo tipo transmitiendo sus conocimientos y pasión por las actividades al aire libre.</p>
<p style="text-align: justify;">Es <strong>licenciada en Comunicación</strong> y más tarde encaminó sus pasos al mundo de la educación en entornos multiculturales y siempre en contacto con la montaña. Practica la escalada desde hace unos años y actualmente está terminando la formación de <strong>Técnico Deportivo en Escalada</strong>. Al tiempo escribe su <strong>tesis doctoral</strong> en la Universidad Complutense sobre <strong>didáctica de la escalada</strong>, siendo profesora de esta actividad en Manzanares el Real desde 2013.</p>
<p></p></div></div><br />
<div class="grid_4 content-block" data-arrows-top-position="120px"><div class="cb-date"></div><img class="cb-image" src="https://www.espiritunature.com/wp-uploads/2016/01/Martin-guia.jpg" alt="" /><div class="cb-title" >Martín Arcones<span class="cb-description">Gestor de proyectos y guía</span></div><div class="cb-content"><p></p>
<p style="text-align: justify;">Desde la infancia sus primeros pasos fueron por la Sierra de Guadarrama, por lo que su culto a la montaña empezó a edades bien tempranas. Pronto pasó de explorar el Sistema Central a otras cadenas montañosas de mayor envergadura como los Pirineos y los Alpes, siendo autodidacta en la planificación de rutas y viajes. No es de extrañar que después de realizar diversos <strong>estudios superiores relacionados con el Medio Ambiente</strong> acabase sacándose la titulación de <strong>Guía de Montaña</strong>.</p>
<p style="text-align: justify;">Con amplia experiencia en turismo activo y actividades para todos los públicos, especialmente niños y adolescentes, es capaz de transmitir su entusiasmo y conocimientos de la montaña siempre de una manera comprensible y con buen humor. De trato agradable y jovial es fácil encontrarlo por la Pedriza y por Guadarrama practicando su mayor afición, la escalada.</p>
<p></p></div></div></p>
<div class="grid_4 content-block" data-arrows-top-position="120px"><div class="cb-date"></div><img class="cb-image" src="https://www.espiritunature.com/wp-uploads/2016/01/Gonzalo-guia.jpg" alt="" /><div class="cb-title" >Gonzalo Puch<span class="cb-description">Asesor de actividades y guía.</span></div><div class="cb-content"><p></p>
<p style="text-align: justify;">Entusiasta de los deportes de montaña y las actividades en el medio natural. Ha realizado proyectos de Montañismo en el sistema central, Picos de Europa, Pirineos y en los Alpes. Gran promotor de los valores que aportan a las personas las actividades en el medio natural. &#8220;Estos valores extrapolados hacen que mejoremos el resto de facetas de nuestra vida&#8221;. Y actualmente está terminando la <strong>titulación de Guía de Montaña</strong>.</p>
<p style="text-align: justify;">Anteriormente se ha dedicado durante años al asesoramiento comercial y la gestión de equipos en empresas de transporte y logística. Lo que le permite tener una experiencia <strong>comercial especializada</strong> al ser conocedor de todo tipo de actividades en el medio natural.</p>
<p></p></div></div>

<p>Disculpa, pero esta entrada está disponible sólo en EN.</p>
